{"id":759,"date":"2014-05-24T23:54:36","date_gmt":"2014-05-24T21:54:36","guid":{"rendered":"http:\/\/www.hugoluijten.eu\/content\/?page_id=759"},"modified":"2014-05-24T23:54:36","modified_gmt":"2014-05-24T21:54:36","slug":"sacrifice-le-roman","status":"publish","type":"page","link":"https:\/\/hugoluijten.eu\/content\/boeken\/project-offer-1914\/sacrifice-francais\/sacrifice-le-roman\/","title":{"rendered":"Sacrifice: le roman"},"content":{"rendered":"<p><span style=\"color: #333333;\"><span style=\"font-family: Georgia, serif;\">Heinrich Ohlenforst \u00e2g\u00e9 de 33 ans, essaie de fuir les probl\u00e8mes de son village natal en s\u2019engageant dans l\u2019arm\u00e9e allemande le 1<\/span><\/span><span style=\"color: #333333;\"><sup><span style=\"font-family: Georgia, serif;\">er<\/span><\/sup><\/span><span style=\"color: #333333;\"><span style=\"font-family: Georgia, serif;\"> ao\u00fbt 1914. Alors il d\u00e9couvre que les p\u00e9rip\u00e9ties de son village le poursuivent aussi au front. Un retour dans son village Saeffelen avec tous les honneurs est la seule mani\u00e8re de solutionner les probl\u00e8mes et d\u2019am\u00e9liorer la vie de sa femme et de son enfant. Entre temps le maire Heinrich Hilger concocte un plan cruel afin de sauver son propre honneur et celui de sa famille, pour cela<\/span><\/span><span style=\"color: #333333;\"><span style=\"font-family: Georgia, serif;\">la guerre appara\u00eet comme son meilleur allier. <\/span><\/span><\/p>\n<p><span style=\"font-family: Georgia, serif;\">Sacrifice est un roman r\u00e9aliste \u00e9crit sur l\u2019honneur, le sacrifice et le sens, avec en toile de fond les mois les plus sanglants de la Premi\u00e8re Guerre mondiale. A c\u00f4t\u00e9 de l\u2019historiographie officielle l\u2019histoire est bas\u00e9e sur un journal intime, des chroniques du village et d\u2019autres documents- \u00e9go<\/span><span style=\"font-family: Georgia, serif;\">de toute l\u2019Allemagne et la France.<\/span><\/p>\n","protected":false},"excerpt":{"rendered":"<p>Heinrich Ohlenforst \u00e2g\u00e9 de 33 ans, essaie de fuir les probl\u00e8mes de son village natal en s\u2019engageant dans l\u2019arm\u00e9e allemande le 1er ao\u00fbt 1914. Alors il d\u00e9couvre que les p\u00e9rip\u00e9ties de son village le poursuivent aussi au front. Un retour dans son village Saeffelen avec tous les honneurs est la seule mani\u00e8re de solutionner les&hellip;&nbsp;<a href=\"https:\/\/hugoluijten.eu\/content\/boeken\/project-offer-1914\/sacrifice-francais\/sacrifice-le-roman\/\" class=\"\" rel=\"bookmark\">Lees verder &raquo;<span class=\"screen-reader-text\">Sacrifice: le roman<\/span><\/a><\/p>\n","protected":false},"author":3,"featured_media":0,"parent":650,"menu_order":1,"comment_status":"open","ping_status":"open","template":"","meta":{"neve_meta_sidebar":"","neve_meta_container":"","neve_meta_enable_content_width":"","neve_meta_content_width":0,"neve_meta_title_alignment":"","neve_meta_author_avatar":"","neve_post_elements_order":"","neve_meta_disable_header":"","neve_meta_disable_footer":"","neve_meta_disable_title":"","_themeisle_gutenberg_block_has_review":false},"_links":{"self":[{"href":"https:\/\/hugoluijten.eu\/content\/wp-json\/wp\/v2\/pages\/759"}],"collection":[{"href":"https:\/\/hugoluijten.eu\/content\/wp-json\/wp\/v2\/pages"}],"about":[{"href":"https:\/\/hugoluijten.eu\/content\/wp-json\/wp\/v2\/types\/page"}],"author":[{"embeddable":true,"href":"https:\/\/hugoluijten.eu\/content\/wp-json\/wp\/v2\/users\/3"}],"replies":[{"embeddable":true,"href":"https:\/\/hugoluijten.eu\/content\/wp-json\/wp\/v2\/comments?post=759"}],"version-history":[{"count":1,"href":"https:\/\/hugoluijten.eu\/content\/wp-json\/wp\/v2\/pages\/759\/revisions"}],"predecessor-version":[{"id":760,"href":"https:\/\/hugoluijten.eu\/content\/wp-json\/wp\/v2\/pages\/759\/revisions\/760"}],"up":[{"embeddable":true,"href":"https:\/\/hugoluijten.eu\/content\/wp-json\/wp\/v2\/pages\/650"}],"wp:attachment":[{"href":"https:\/\/hugoluijten.eu\/content\/wp-json\/wp\/v2\/media?parent=759"}],"curies":[{"name":"wp","href":"https:\/\/api.w.org\/{rel}","templated":true}]}}