{"id":765,"date":"2014-05-25T00:02:37","date_gmt":"2014-05-24T22:02:37","guid":{"rendered":"http:\/\/www.hugoluijten.eu\/content\/?page_id=765"},"modified":"2014-05-25T00:02:37","modified_gmt":"2014-05-24T22:02:37","slug":"sacrifice-le-documentaire","status":"publish","type":"page","link":"https:\/\/hugoluijten.eu\/content\/boeken\/project-offer-1914\/sacrifice-francais\/sacrifice-le-documentaire\/","title":{"rendered":"Sacrifice: le documentaire"},"content":{"rendered":"<p><span style=\"color: #000000;\"><span style=\"font-family: Georgia, serif;\">Pour le documentaire je vais parcourir en ao\u00fbt et septembre le m\u00eame chemin que mon anc\u00eatre.<\/span><\/span><\/p>\n<p><span style=\"color: #000000;\"><span style=\"font-family: Georgia, serif;\">Jour pour jour, cent ans plus tard, je veux entrer dans les villages qu\u2019il a<\/span><\/span><span style=\"font-family: Georgia, serif;\"> parcourus <\/span><span style=\"color: #000000;\"><span style=\"font-family: Georgia, serif;\">exactement un si\u00e8cle pass\u00e9.<\/span><\/span><\/p>\n<p><span style=\"color: #000000;\"><span style=\"font-family: Georgia, serif;\">En 17 \u00e9pisodes de 5 \u00e0 7 minutes, je veux faire revivre le mat\u00e9riel de recherche que je n\u2019ai pas pu <\/span><\/span><span style=\"font-family: Georgia, serif;\">placer<\/span><span style=\"color: #000000;\"><span style=\"font-family: Georgia, serif;\"> dans le roman. Des interviews et des rencontres au hasard s\u2019alternent avec des images d\u2019ambiance et des \u2018conf\u00e9rences d\u2019histoire militaire sur la base de 4 cailloux et une brique\u2019.<\/span><\/span><\/p>\n<p><span style=\"font-family: Georgia, serif;\">La conception du documentaire est celle d&#8217;un road-movie et peut \u00eatre compar\u00e9e au documentaire \u00abA la Guerre\u00bb que la soci\u00e9t\u00e9 de production \u00ab Les Chinois \u00bb a fait pour la VRT.<br \/>\nPour ce documentaire, ils ont re\u00e7u le premier prix lors du forum de l&#8217;UER \u00e0 Berlin en septembre 2013. Leur documentaire porte \u00e9galement sur la Premi\u00e8re Guerre mondiale, donc j&#8217;ai eu un contact tr\u00e8s \u00e9troit avec la soci\u00e9t\u00e9 de production.<\/span><\/p>\n<p><span style=\"font-family: Georgia, serif;\">Les \u00e9pisodes appara\u00eetront sur YouTube avec quelques jours de pause entre les \u00e9pisodes, et pourront \u00eatre envoy\u00e9s \u00e0 ceux qui y sont int\u00e9ress\u00e9s. Mais bien s\u00fbr, je les placerai aussi sur les m\u00e9dias sociaux comme Facebook et Twitter.<\/span><\/p>\n<p>&nbsp;<\/p>\n<p>&nbsp;<\/p>\n","protected":false},"excerpt":{"rendered":"<p>Pour le documentaire je vais parcourir en ao\u00fbt et septembre le m\u00eame chemin que mon anc\u00eatre. Jour pour jour, cent ans plus tard, je veux entrer dans les villages qu\u2019il a parcourus exactement un si\u00e8cle pass\u00e9. En 17 \u00e9pisodes de 5 \u00e0 7 minutes, je veux faire revivre le mat\u00e9riel de recherche que je n\u2019ai&hellip;&nbsp;<a href=\"https:\/\/hugoluijten.eu\/content\/boeken\/project-offer-1914\/sacrifice-francais\/sacrifice-le-documentaire\/\" class=\"\" rel=\"bookmark\">Lees verder &raquo;<span class=\"screen-reader-text\">Sacrifice: le documentaire<\/span><\/a><\/p>\n","protected":false},"author":3,"featured_media":0,"parent":650,"menu_order":3,"comment_status":"open","ping_status":"open","template":"","meta":{"neve_meta_sidebar":"","neve_meta_container":"","neve_meta_enable_content_width":"","neve_meta_content_width":0,"neve_meta_title_alignment":"","neve_meta_author_avatar":"","neve_post_elements_order":"","neve_meta_disable_header":"","neve_meta_disable_footer":"","neve_meta_disable_title":"","_themeisle_gutenberg_block_has_review":false},"_links":{"self":[{"href":"https:\/\/hugoluijten.eu\/content\/wp-json\/wp\/v2\/pages\/765"}],"collection":[{"href":"https:\/\/hugoluijten.eu\/content\/wp-json\/wp\/v2\/pages"}],"about":[{"href":"https:\/\/hugoluijten.eu\/content\/wp-json\/wp\/v2\/types\/page"}],"author":[{"embeddable":true,"href":"https:\/\/hugoluijten.eu\/content\/wp-json\/wp\/v2\/users\/3"}],"replies":[{"embeddable":true,"href":"https:\/\/hugoluijten.eu\/content\/wp-json\/wp\/v2\/comments?post=765"}],"version-history":[{"count":1,"href":"https:\/\/hugoluijten.eu\/content\/wp-json\/wp\/v2\/pages\/765\/revisions"}],"predecessor-version":[{"id":766,"href":"https:\/\/hugoluijten.eu\/content\/wp-json\/wp\/v2\/pages\/765\/revisions\/766"}],"up":[{"embeddable":true,"href":"https:\/\/hugoluijten.eu\/content\/wp-json\/wp\/v2\/pages\/650"}],"wp:attachment":[{"href":"https:\/\/hugoluijten.eu\/content\/wp-json\/wp\/v2\/media?parent=765"}],"curies":[{"name":"wp","href":"https:\/\/api.w.org\/{rel}","templated":true}]}}